5/6*o**3 + 0 - 2*o**2 + 2*o. Calculate y(a).
0
Let n = 18 - 16. Let h be n/16 + (-164)/32. Let a(d) = -d**3 - 5*d**2 + 2*d - 2. Determine a(h).
-12
Let y(o) = -157*o + 164*o + 0 + 2 + 0. Let s be (6/(-4))/((-6)/(-8)). Calculate y(s).
-12
Let w(s) be the third derivative of 1/120*s**6 + 0 + 0*s - 3*s**2 + 1/15*s**5 + 1/24*s**4 + 1/3*s**3. Calculate w(-4).
-2
Let q(t) = -t**3 - 7*t**2 + 7*t - 6. Let c(v) = v**2 + 20*v + 11. Let m be c(-19). Determine q(m).
2
Let x(t) = -t**3 - 2*t**2 - 2*t - 1. Let o = 0 + 1. Let f = -1 - o. Determine x(f).
3
Suppose 3*l + 2*l = 0. Let a(o) = o**3 + 14. Calculate a(l).
14
Let p(c) = 0*c + 5*c - 4*c - 2*c. Let g(u) = -u - 2. Let n be g(-5). Give p(n).
-3
Let p(k) = 9*k + 0 - 3 - 2*k - 3 - k**2. Let a be p(5). Let n(v) = v**2 - 3*v - 5. Give n(a).
-1
Let s be -3 + 0/(1 - -1). Let k be (-8)/10*(s + -2). Let d(m) be the third derivative of m**5/60 - m**4/12 - m**3/3 - 3*m**2. Give d(k).
6
Let z(g) = g**3 + 6*g**2 + 7*g + 3. Let o be z(-5). Let u(b) = -b**2 - 7*b + 5. What is u(o)?
5
Let s(k) = 5*k - 1. Let m(x) = -x - 14. Let f be m(0). Let a be 4/f - 120/21. Let b(l) = -l - 7. Let w be b(a). Determine s(w).
-6
Let y be (-3)/(-3) + (5 - (1 + 1)). Let b(o) be the first derivative of o**3/3 - 2*o**2 + 4*o - 6. Give b(y).
4
Let w(x) = -14*x**3 - x + 1. Suppose 2*o = 2*q + 14, 0*q = q + 1. Let i = o + -5. Calculate w(i).
-14
Let d(j) = 3*j**2 - 2. Let m(l) = -65*l**2 + 45. Suppose 4 = h - 0. Let f(a) = h*m(a) + 90*d(a). What is f(1)?
10
Let p(q) be the second derivative of q**4/12 + 5*q**3/3 + 4*q**2 - 21*q. What is p(-8)?
-8
Let g(d) be the third derivative of 0*d - 1/20*d**5 - 5/24*d**4 + 11/6*d**3 + 0 + d**2. Let h(f) = f**2 + 2*f - 4. Let l(r) = 6*g(r) + 17*h(r). Determine l(5).
-7
Let x be (3 + -4)/((-2)/(-6)). Let s(f) = -f**3 - 5*f**2 - f - 2. Let o be s(-5). Let a(b) = 0*b**2 - 2*b**2 - o*b + b**2. What is a(x)?
0
Let k(m) = 2*m - 8. Let i be -4 + 3 + (3 - 3). Let d = i + 7. Calculate k(d).
4
Let i(o) = -o + 4. Let c(b) = -2*b + 7. Let t(w) = -6*c(w) + 13*i(w). Let j be t(7). Let n(u) = 6*u - j*u + 4*u - 3*u. Determine n(1).
4
Let k(j) be the first derivative of j**4/4 + 5*j**3/3 + 3*j**2 + 2*j + 1. Calculate k(-4).
-6
Let k(j) = 22*j + j**3 + 0*j**3 + 3*j**2 - 25*j. Suppose -8 = 5*b + 12. Calculate k(b).
-4
Let t(w) = 2*w + 36. Let c be t(-15). Let k(y) = y**3 - 5*y**2 - 5*y. Let l be k(c). Let v(g) = g**3 - 8*g**2 + 10*g - 6. What is v(l)?
-18
Let h = 8 - 10. Let b(j) = j**3 + 3*j**2 + 3*j + 3. Let x be b(h). Let f(l) = 3*l. Calculate f(x).
3
Let c(q) = -11*q - 35. Let o(w) be the second derivative of w**3/3 + 3*w**2 - w. Let i(d) = -6*c(d) - 34*o(d). Give i(6).
-6
Let h = -9 + 13. Let b(r) = r + 1. Let u(w) = -w**3 + 4*w**2 - 4*w - 2. Let t(z) = 5*b(z) + u(z). Calculate t(h).
7
Let y(n) = -n + 3. Let a(m) = -2*m + 7. Let r(l) = 3*a(l) - 7*y(l). What is r(-6)?
-6
Let s(u) = -1. Let z(y) = -y + 11. Let m = 24 - 25. Let d(g) = m*z(g) + 5*s(g). Determine d(0).
-16
Let g = -6 + 13. Let u(i) = -2*i + 3*i + 1 - 2*i - g. Calculate u(-7).
1
Suppose 3*z - 16 = -7. Let f = -4 - -7. Let g(r) = -1 + 2*r**2 - f*r**2 + 4. Determine g(z).
-6
Let f(p) = 2*p. Let i be ((-15)/(-12))/(-1)*4. Let h be 6/(-15) - 17/i. Suppose -3*d = -6, -3*d + d = h*t + 5. Give f(t).
-6
Let n(k) = -3 + 0 - 3*k + 2*k. Suppose -5*h + 3*h = 0. Give n(h).
-3
Let z(f) = 20*f**3 - 2*f + 1. Let p(v) = -v**2 + 4*v - 3. Let r be p(2). Give z(r).
19
Let g(b) = 2*b + 6. Let o = -1 + 6. Let s be o*(24/(-10) - -2). Let y be 3/12*s*8. Determine g(y).
-2
Let t(p) = -p + 3. Let f(a) = -3*a + a + 3*a + 3*a - 8. Let v(j) = 2*f(j) + 7*t(j). Determine v(0).
5
Let p(b) be the second derivative of -1/20*b**5 + 0*b**2 - 8*b + 1/6*b**3 + 0 + 1/2*b**4. What is p(6)?
6
Let b(q) = 2*q - 5. Suppose -9 = i - 13. What is b(i)?
3
Let d = 4 + 2. Let p be 2/d*(-5 + 5). Let i(z) = -z**3 - z**2 - 8. Determine i(p).
-8
Let d(i) be the third derivative of i**6/360 - 7*i**5/120 + i**4/24 - i**3/6 + 5*i**2. Let f(m) be the first derivative of d(m). Determine f(7).
1
Suppose 4*c = -0*j - j + 6, -8 = -c + 3*j. Let o(x) = -3*x + x**c + 3*x + 6*x. Let d(y) = y**3 + 2*y**2 - y + 1. Let w be d(-3). Determine o(w).
-5
Let l(i) = -i**2 + 9*i + 4. Let p(x) = -3*x**2 + 26*x + 11. Let s(z) = 17*l(z) - 6*p(z). What is s(4)?
6
Suppose 6*d - 20 = -5*b + d, b - d + 2 = 0. Let h = -6 + 8. Let k(c) = -6*c**h - 1 + 2*c**2 + 5*c**2 + 2*c. Determine k(b).
2
Let k(r) = 15*r**2 - 11. Let g(c) = 7*c**2 - 5. Let l(h) = 13*g(h) - 6*k(h). Let t(m) = -3*m**2 - m + 2. Let y(x) = -2*l(x) - t(x). Give y(3).
8
Suppose f = -8 - 0. Let v = -4 - f. Let a(b) = -b**3 + 5*b**2 - 4*b - 5. Calculate a(v).
-5
Suppose -16 = 2*m - 4*c, -m - 5*c = 2*m + 2. Let v be m/6*(-108)/8. Let s = 9 - v. Let x(k) = k**3 - k - 8. What is x(s)?
-8
Let i(y) = y**3 - 3*y**2 - y - 3. Let t = -13 + 18. Suppose f = 3*f - 4. Suppose -z - 4*o = -19, t + 9 = -f*z + 5*o. Determine i(z).
-6
Let q be 10/4*23/460. Let a(t) be the third derivative of q*t**4 - 3*t**2 - 1/30*t**5 + 1/3*t**3 - 1/60*t**6 + 0*t + 0. What is a(-2)?
4
Let g = 0 + 2. Suppose w + g = -2*y, 0 = -5*y - 3*w - 0 - 5. Let u(j) = -4*j**3 + 2*j**2 - 1. Give u(y).
5
Let y(i) = -26*i**2 - 6*i - 11. Let f(l) = 2 + l + 0*l**2 + 0*l + 5*l**2. Let x(g) = -11*f(g) - 2*y(g). Give x(1).
-2
Let r(c) = 29*c**3 + 6*c**2 + 4*c - 6 + c - 28*c**3. What is r(-5)?
-6
Let j(g) be the second derivative of -2/3*g**3 + g - 1/20*g**5 + 1/2*g**2 + 0 - 5/12*g**4. Determine j(-3).
-5
Suppose m - 7*m - 30 = 0. Let u(w) = -w**2 - 4*w + 7. What is u(m)?
2
Let y = 8 + -14. Let x be (4/(-12))/((-1)/y). Let i(c) = 3*c - 1. What is i(x)?
-7
Let m(k) = k**3 - 3*k**2 + 3*k. Let y(f) = -6*f + 38. Let p be y(6). Give m(p).
2
Let y be (-88)/(-14) + 18/(-63). Let x(r) = r**3 - 5*r**2 - 3*r - 4. Determine x(y).
14
Let c(t) = -t + 1. Let y(q) = -q**3 + 2*q**2 - 6*q + 9. Let o(i) = 6*c(i) - y(i). Suppose -3*w - m = -1, -5*w + 5*m + 9 = -6. Let s = 2 + w. Give o(s).
6
Let o(y) = 4*y**2 - 14*y + 3. Let r(j) = -2*j**2 + 7*j - 1. Let l be 0 - (-3 + 2) - 4. Suppose -5*k = 14 + 11. Let p(w) = k*r(w) + l*o(w). Give p(4).
-8
Let f = 11 - 8. Let x(o) = 3*o**2 + 0*o - o**3 + 3*o - 2*o. Determine x(f).
3
Let g(o) be the first derivative of -o**2/2 - 14. Give g(5).
-5
Let j(t) be the first derivative of -4 - 5/3*t**3 + 1/4*t**4 + 5*t - 3*t**2. Give j(6).
5
Let q(a) = -4*a - 4. Suppose 0 = 4*m - 6 + 2. Let k = m + -5. Determine q(k).
12
Let a(b) = b**3 - 3*b**2 + 3*b - 2. Let l = -7 - -12. Suppose -3*f - f + 28 = 5*g, 0 = -l*f - 5*g + 30. What is a(f)?
0
Let c(f) = f**3 - 3*f**2 - 2*f. Let t(h) = h**3 - 4*h**2 - h. Let w(b) = -2*c(b) + 3*t(b). Determine w(6).
6
Let x be -3*(6/9)/(4/12). Let f(w) = w**3 + 5*w**2 - 2*w + 6. Determine f(x).
-18
Let g(r) be the third derivative of r**6/120 + r**5/15 + r**4/12 + r**3 - 2*r**2. Suppose 4*w - 31 - 18 = 5*k, -2*w + 7 = k. Let c = w + -10. Determine g(c).
-2
Let h(d) = -7*d. Let i be (-1)/(-3) + 20/(-15). Give h(i).
7
Let j(x) = -x**3 - x**2 + 3*x - 3. Let w be j(-3). Let u = w + -3. Let z(o) = -8 + u + o + 2. Calculate z(5).
2
Suppose -5*l + 32 = 3*a, -l - 7 - 9 = -5*a. Suppose 0 = -2*h + 2*k - 14 - l, 5*h = -3*k - 21. Let z(r) = -r**2 - 4*r + 7. Calculate z(h).
-5
Let z(a) = -7 + 5 - 9*a + 4. Let t(w) = 4*w - 1. Suppose 0*m - 2 = m. Let p(g) = m*z(g) - 5*t(g). Give p(2).
-3
Let l = -9 - -15. Let z(w) = -w + 8. Let r be z(l). Let m(t) = t**3 - 8*t - 3*t**2 - 3 - 4 + 7*t**r. Give m(-5).
8
Let y = -9 - -3. Let v(h) = h**3 + 5*h**2 - 6*h + 2. Determine v(y).
2
Let x(o) = -o**3 - 4*o**2 + 3*o - 2. Let m(h) = -h**3 - 5*h**2 + 2*h + 7. Let n be m(-5). What is x(n)?
-20
Let n(r) = -r**2 + 3. Let m be ((-9)/(-6))/(1/2)*-1. What is n(m)?
-6
Let v be (-2)/8 - (-21)/4. Let m(u) = 6 + 0*u**2 - 2*u - v*u + u**2. Let l(p) = p + 14. Let w be l(-10). Calculate m(w).
-6
Suppose 2*o = -3*p - 2 + 1, p = -o. Let m(d) = d - 2*d - o + 2. Suppose -2*q = -2 + 6. Calculate m(q).
3
Let s(g) = g**3 - 4*g**2 - 5*g - 6. Suppose 0 = c - 0*i - i + 3, -3 = -4*c + i. Suppose -5*o - c*k + 25 = 0, 0 = 4*o + k + 7 - 27. What is s(o)?
-6
Let b(s) = -s**2 - 9*s - 6. Let d(w) = -w**2 - 9*w - 5. Let v(u) = -4*b(u) + 3*d(u). What is v(-7)?
-5
Let k(n) = 2*n**2 - 7*n - 2. Let c be k(5). Suppose 6*u - u = t + 21, -3*t = -5*u + c. Let